at is the ten thousands digit of 19448843?
4
What is the units digit of 13561105?
5
What is the units digit of 7611832?
2
What is the tens digit of 4869070?
7
What is the tens digit of 1525805?
0
What is the tens digit of 262444?
4
What is the millions digit of 4873535?
4
What is the ten thousands digit of 202539?
0
What is the ten thousands digit of 523621?
2
What is the thousands digit of 4824?
4
What is the thousands digit of 1702415?
2
What is the units digit of 348351?
1
What is the hundreds digit of 223267?
2
What is the ten thousands digit of 32838?
3
What is the ten thousands digit of 12162357?
6
What is the hundred thousands digit of 1293904?
2
What is the hundreds digit of 193206?
2
What is the ten millions digit of 10332165?
1
What is the hundreds digit of 276434?
4
What is the units digit of 6101687?
7
What is the hundreds digit of 269764?
7
What is the units digit of 190492?
2
What is the ten thousands digit of 9300335?
0
What is the millions digit of 13925228?
3
What is the units digit of 29100706?
6
What is the ten thousands digit of 1925929?
2
What is the millions digit of 4724149?
4
What is the units digit of 3714907?
7
What is the thousands digit of 34949412?
9
What is the tens digit of 3496764?
6
What is the thousands digit of 2178?
2
What is the tens digit of 6545049?
4
What is the millions digit of 32740334?
2
What is the units digit of 2632518?
8
What is the units digit of 114835?
5
What is the hundred thousands digit of 14443432?
4
What is the thousands digit of 12039744?
9
What is the units digit of 906610?
0
What is the hundred thousands digit of 656819?
6
What is the ten thousands digit of 336958?
3
What is the millions digit of 16288370?
6
What is the thousands digit of 1062918?
2
What is the units digit of 386604?
4
What is the hundred thousands digit of 8501414?
5
What is the units digit of 990908?
8
What is the tens digit of 98084?
8
What is the hundred thousands digit of 1676196?
6
What is the tens digit of 7034498?
9
What is the thousands digit of 853169?
3
What is the ten thousands digit of 8300874?
0
What is the tens digit of 63804?
0
What is the hundred thousands digit of 1959120?
9
What is the ten thousands digit of 350345?
5
What is the hundreds digit of 9472?
4
What is the hundreds digit of 9414784?
7
What is the ten thousands digit of 561734?
6
What is the tens digit of 1063011?
1
What is the thousands digit of 209194?
9
What is the hundreds digit of 1343754?
7
What is the tens digit of 7506233?
3
What is the hundreds digit of 1624268?
2
What is the hundred thousands digit of 742751?
7
What is the units digit of 13346974?
4
What is the ten thousands digit of 471601?
7
What is the tens digit of 5290948?
4
What is the hundreds digit of 3093932?
9
What is the thousands digit of 306510?
6
What is the hundred thousands digit of 132674?
1
What is the thousands digit of 4775525?
5
What is the millions digit of 1768802?
1
What is the hundreds digit of 388015?
0
What is the hundred thousands digit of 810778?
8
What is the millions digit of 12674684?
2
What is the hundred thousands digit of 252965?
2
What is the hundred thousands digit of 238234?
2
What is the thousands digit of 2681554?
1
What is the hundred thousands digit of 2436795?
4
What is the hundred thousands digit of 1986932?
9
What is the units digit of 562680?
0
What is the ten thousands digit of 802377?
0
What is the hundred thousands digit of 2699231?
6
What is the ten thousands digit of 161325?
6
What is the ten thousands digit of 753261?
5
What is the units digit of 321346?
6
What is the hundred thousands digit of 494412?
4
What is the hundred thousands digit of 364291?
3
What is the hundred thousands digit of 641619?
6
What is the hundreds digit of 1392931?
9
What is the tens digit of 1740072?
7
What is the hundred thousands digit of 316981?
3
What is the millions digit of 4127416?
4
What is the ten thousands digit of 85359?
8
What is the hundred thousands digit of 647853?
6
What is the thousands digit of 44539?
4
What is the hundred thousands digit of 488903?
4
What is the thousands digit of 692861?
2
What is the hundreds digit of 230463?
4
What is the ten thousands digit of 8276036?
7
What is the tens digit of 1073332?
3
What is the units digit of 481878?
8
What is the tens digit of 294109?
0
What is the hundred thousands digit of 437408?
4
What is the hundred thousands digit of 1346150?
3
What is the tens digit of 358257?
5
What is the millions digit of 29839670?
9
What is the ten thousands digit of 3099624?
9
What is the hundred thousands digit of 107724?
1
What is the units digit of 16884700?
0
What is the units digit of 2582438?
8
What is the hundreds digit of 18415?
4
What is the units digit of 14242?
2
What is the millions digit of 1671868?
1
What is the thousands digit of 6745421?
5
What is the hundred thousands digit of 231675?
2
What is the tens digit of 14743355?
5
What is the ten thousands digit of 17523714?
2
What is the hundreds digit of 3928708?
7
What is the thousands digit of 238742?
8
What is the hundreds digit of 33703?
7
What is the hundred thousands digit of 179116?
1
What is the units digit of 426651?
1
What is the tens digit of 3463757?
5
What is the units digit of 366743?
3
What is the hundreds digit of 905136?
1
What is the hundreds digit of 5657944?
9
What is the units digit of 116311?
1
What is the hundred thousands digit of 132985?
1
What is the hundred thousands digit of 414045?
4
What is the tens digit of 215701?
0
What is the ten thousands digit of 270148?
7
What is the hundreds digit of 2021724?
7
What is the hundreds digit of 1218661?
6
What is the hundred thousands digit of 5093864?
0
What is the hundreds digit of 525061?
0
What is the hundreds digit of 6839419?
4
What is the hundreds digit of 5261195?
1
What is the units digit of 23852102?
2
What is the tens digit of 6950434?
3
What is the tens digit of 3312688?
8
What is the tens digit of 533019?
1
What is the hundreds digit of 697115?
1
What is the tens digit of 678936?
3
What is the hundreds digit of 406397?
3
What is the units digit of 507?
7
What is the tens digit of 2875785?
8
What is the thousands digit of 5391858?
1
What is the tens digit of 600781?
8
What is the hundreds digit of 213878?
8
What is the millions digit of 17234849?
7
What is the tens digit of 674503?
0
What is the hundred thousands digit of 686963?
6
What is the thousands digit of 4319638?
9
What is the ten thousands digit of 333686?
3
What is the ten thousands digit of 1098178?
9
What is the tens digit of 798779?
7
What is the tens digit of 45825?
2
What is the hundred thousands digit of 3070138?
0
What is the hundred thousands digit of 537905?
5
What is the ten thousands digit of 769279?
6
What is the hundred thousands digit of 17632701?
6
What is the tens digit of 201458?
5
What is the tens digit of 2858575?
7
What is the hundreds digit of 887174?
1
What is the hundred thousands digit of 3528615?
5
What is the ten thousands digit of 494743?
9
What is the thousands digit of 134743?
4
What is the thousands digit of 227185?
7
What is the hundred thousands digit of 6464490?
4
What is the thousands digit of 353895?
3
What is the ten thousands digit of 93543?
9
What is the ten thousands digit of 39076?
3
What is the ten thousands digit of 856501?
5
What is the thousands digit of 2774037?
4
What is the tens digit of 26707612?
1
What is the ten thousands digit of 8254562?
5
What is the tens digit of 125059?
5
What is the thousands digit of 339998?
9
What is the ten thousands digit of 153187?
5
What is the hundreds digit of 7603131?
1
What is the tens digit of 52983?
8
What is the hundred thousands digit of 5940040?
9
What is the hundred thousands digit of 155941?
1
What is the ten thousands digit of 204428?
0
What is the ten thousands digit of 255462?
5
What is the hundred thousands digit of 202007?
2
What is the units digit of 396779?
9
What is the hundreds digit of 4033971?
9
What is the ten thousands digit of 3372440?
7
What is the millions digit of 2671975?
2
What is the thousands digit of 506576?
6
What is the units digit of 98604?
4
What is the thousands digit of 4991814?
1
What is the hundred thousands digit of 226711?
2
What is the thousands digit of 1772963?
2
What is the millions 